by 204.
60
Calculate the remainder when 1396 is divided by 780.
616
What is the remainder when 20535 is divided by 6841?
12
Calculate the remainder when 121866 is divided by 69.
12
What is the remainder when 104398 is divided by 134?
12
Calculate the remainder when 3235 is divided by 531.
49
What is the remainder when 82439 is divided by 12?
11
What is the remainder when 11282 is divided by 11246?
36
What is the remainder when 69296 is divided by 149?
11
Calculate the remainder when 5179 is divided by 642.
43
What is the remainder when 923727 is divided by 1101?
1089
What is the remainder when 844 is divided by 699?
145
What is the remainder when 179821 is divided by 1487?
1381
Calculate the remainder when 5172 is divided by 1066.
908
Calculate the remainder when 83977 is divided by 24.
1
What is the remainder when 980519 is divided by 24?
23
What is the remainder when 2353 is divided by 40?
33
What is the remainder when 49752 is divided by 1463?
10
Calculate the remainder when 121192 is divided by 18.
16
Calculate the remainder when 35850 is divided by 24.
18
Calculate the remainder when 4294 is divided by 2143.
8
What is the remainder when 814 is divided by 95?
54
What is the remainder when 46873 is divided by 46873?
0
Calculate the remainder when 10758 is divided by 51.
48
Calculate the remainder when 2569140 is divided by 17.
15
What is the remainder when 3444 is divided by 195?
129
Calculate the remainder when 9861 is divided by 2081.
1537
Calculate the remainder when 9967 is divided by 4983.
1
What is the remainder when 1869 is divided by 1174?
695
What is the remainder when 164335 is divided by 14939?
6
What is the remainder when 148616 is divided by 111?
98
What is the remainder when 29314 is divided by 14?
12
What is the remainder when 5112 is divided by 5062?
50
Calculate the remainder when 136693 is divided by 594.
73
Calculate the remainder when 944 is divided by 470.
4
Calculate the remainder when 3706 is divided by 616.
10
What is the remainder when 46564 is divided by 225?
214
Calculate the remainder when 28715 is divided by 956.
35
What is the remainder when 198694 is divided by 66230?
4
Calculate the remainder when 171138 is divided by 86.
84
What is the remainder when 2946 is divided by 1358?
230
What is the remainder when 67104 is divided by 2396?
16
What is the remainder when 53645 is divided by 94?
65
What is the remainder when 567 is divided by 41?
34
Calculate the remainder when 38153 is divided by 7.
3
Calculate the remainder when 1852 is divided by 218.
108
Calculate the remainder when 25407 is divided by 82.
69
What is the remainder when 19814 is divided by 762?
2
Calculate the remainder when 4396 is divided by 1850.
696
What is the remainder when 1212517 is divided by 77?
75
Calculate the remainder when 9644 is divided by 2410.
4
Calculate the remainder when 120671 is divided by 15079.
39
Calculate the remainder when 7827 is divided by 213.
159
Calculate the remainder when 14932 is divided by 2976.
52
What is the remainder when 10381 is divided by 225?
31
What is the remainder when 2785999 is divided by 398?
397
Calculate the remainder when 3991 is divided by 602.
379
Calculate the remainder when 14780 is divided by 926.
890
What is the remainder when 1363262 is divided by 58?
30
Calculate the remainder when 86501 is divided by 168.
149
Calculate the remainder when 20059 is divided by 4531.
1935
What is the remainder when 380436 is divided by 66?
12
Calculate the remainder when 32163 is divided by 824.
27
Calculate the remainder when 30301 is divided by 150.
1
Calculate the remainder when 33033 is divided by 44.
33
Calculate the remainder when 505855 is divided by 608.
607
What is the remainder when 1321 is divided by 1272?
49
Calculate the remainder when 809 is divided by 783.
26
What is the remainder when 60144 is divided by 137?
1
What is the remainder when 2459 is divided by 246?
245
What is the remainder when 179152 is divided by 16281?
61
Calculate the remainder when 2095 is divided by 114.
43
What is the remainder when 21369 is divided by 6161?
2886
Calculate the remainder when 358220 is divided by 291.
290
Calculate the remainder when 112750 is divided by 2451.
4
Calculate the remainder when 48766 is divided by 62.
34
What is the remainder when 3771 is divided by 4?
3
What is the remainder when 28366 is divided by 7089?
10
Calculate the remainder when 2891 is divided by 522.
281
What is the remainder when 2881 is divided by 102?
25
Calculate the remainder when 22912 is divided by 12.
4
Calculate the remainder when 3435120 is divided by 17.
15
Calculate the remainder when 8351 is divided by 4170.
11
What is the remainder when 1791 is divided by 438?
39
Calculate the remainder when 111451 is divided by 791.
711
Calculate the remainder when 109621 is divided by 284.
281
What is the remainder when 16086 is divided by 7917?
252
Calculate the remainder when 1593 is divided by 9.
0
What is the remainder when 355448 is divided by 30?
8
What is the remainder when 9267 is divided by 13?
11
Calculate the remainder when 4575 is divided by 305.
0
Calculate the remainder when 35398 is divided by 47.
7
What is the remainder when 6399 is divided by 77?
8
What is the remainder when 17410 is divided by 8650?
110
What is the remainder when 82348 is divided by 270?
268
What is the remainder when 19161 is divided by 6380?
21
What is the remainder when 7060 is divided by 640?
20
What is the remainder when 18762 is divided by 88?
18
What is the remainder when 126558 is divided by 192?
30
What is the remainder when 2682 is divided by 708?
558
Calculate the remainder when 197337 is divided by 299.
296
What is the remainder when 26602 is divided by 251?
247
What is the remainder when 45075 is divided by 98?
93
Calculate the remainder when 8672 is divided by 2152.
64
What is the remainder when 4455 is divided by 214?
175
What is the remainder when 306178 is divided by 162?
160
What is the remainder when 68551 is divided by 25?
1
Calculate the remainder when 5397 is divided by 1597.
606
Calculate the remainder when 579748 is divided by 4955.
13
What is the remainder when 3825059 is divided by 19?
17
Calculate the remainder when 29915 is divided by 5981.
10
Calculate the remainder when 47915 is divided by 4.
3
Calculate the remainder when 65136 is divided by 399.
99
What is the remainder when 10070 is divided by 56?
46
What is the remainder when 4635303 is divided by 31?
28
Calculate the remainder when 986 is divided by 31.
25
What is the remainder when 405210 is divided by 27?
21
Calculate the remainder when 172689 is divided by 411.
69
What is the remainder when 5917 is divided by 189?
58
What is the remainder when 938 is divided by 40?
18
Calculate the remainder when 2950275 is divided by 82.
79
Calculate the remainder when 78749 is divided by 5.
4
What is the remainder when 76354 is divided by 2181?
19
What is the remainder when 13867 is divided by 73?
70
What is the remainder when 9204 is divided by 4602?
0
What is the remainder when 82930 is divided by 82923?
7
Calculate the remainder when 23450 is divided by 1370.
160
What is the remainder when 33195 is divided by 279?
273
What is the remainder when 2703 is divided by 168?
15
Calculate the remainder when 39185 is divided by 9782.
57
What is the remainder when 41598 is divided by 100?
98
What is the remainder when 92595 is divided by 1203?
1167
What is the remainder when 20330 is divided by 187?
134
What is the remainder when 62952 is divided by 4840?
32
Calculate the remainder when 912282 is divided by 35.
7
What is the remainder when 1478397 is divided by 112?
109
Calculate the remainder when 14162 is divided by 1761.
74
What is the remainder when 2823 is divided by 829?
336
What is the remainder when 19333 is divided by 1271?
268
What is the remainder when 3673 is divided by 96?
25
What is the remainder when 47268 is divided by 108?
72
Calculate the remainder when 813 is divided by 24.
21
What is the remainder when 9571 is divided by 1322?
317
What is the remainder when 127764 is divided by 63873?
18
What is the remainder when 16672 is divided by 556?
548
Calculate the remainder when 49765 is divided by 93.
10
What is the remainder when 2414 is divided by 166?
90
Calculate 